0?
2, 5, 11, 19
What are the prime factors of 150219?
3, 16691
What are the prime factors of 777?
3, 7, 37
List the prime factors of 57300.
2, 3, 5, 191
List the prime factors of 82.
2, 41
What are the prime factors of 8794?
2, 4397
What are the prime factors of 66800?
2, 5, 167
What are the prime factors of 19221?
3, 43, 149
List the prime factors of 26037.
3, 11, 263
List the prime factors of 2171.
13, 167
What are the prime factors of 66670?
2, 5, 59, 113
What are the prime factors of 443?
443
List the prime factors of 1556.
2, 389
List the prime factors of 81797.
157, 521
List the prime factors of 7402.
2, 3701
List the prime factors of 42805.
5, 7, 1223
What are the prime factors of 1021?
1021
List the prime factors of 9151.
9151
List the prime factors of 40987.
17, 2411
List the prime factors of 14348.
2, 17, 211
List the prime factors of 5572.
2, 7, 199
List the prime factors of 530.
2, 5, 53
List the prime factors of 8355.
3, 5, 557
List the prime factors of 7592.
2, 13, 73
List the prime factors of 650.
2, 5, 13
What are the prime factors of 246?
2, 3, 41
What are the prime factors of 1771?
7, 11, 23
What are the prime factors of 268?
2, 67
List the prime factors of 41198.
2, 20599
What are the prime factors of 411?
3, 137
List the prime factors of 3384.
2, 3, 47
What are the prime factors of 41100?
2, 3, 5, 137
List the prime factors of 2905.
5, 7, 83
What are the prime factors of 235?
5, 47
What are the prime factors of 876?
2, 3, 73
What are the prime factors of 21539?
7, 17, 181
What are the prime factors of 371?
7, 53
List the prime factors of 632.
2, 79
What are the prime factors of 950?
2, 5, 19
List the prime factors of 181.
181
List the prime factors of 1675.
5, 67
List the prime factors of 132496.
2, 7, 13
List the prime factors of 52669.
31, 1699
What are the prime factors of 2274?
2, 3, 379
List the prime factors of 3291.
3, 1097
List the prime factors of 9448.
2, 1181
List the prime factors of 2392.
2, 13, 23
What are the prime factors of 51709?
7, 83, 89
What are the prime factors of 5338?
2, 17, 157
List the prime factors of 118651.
13, 9127
List the prime factors of 112674.
2, 3, 89, 211
List the prime factors of 2597.
7, 53
List the prime factors of 10698.
2, 3, 1783
List the prime factors of 13960.
2, 5, 349
List the prime factors of 78780.
2, 3, 5, 13, 101
What are the prime factors of 1704?
2, 3, 71
List the prime factors of 7785.
3, 5, 173
What are the prime factors of 5819?
11, 23
List the prime factors of 1630.
2, 5, 163
List the prime factors of 648.
2, 3
List the prime factors of 1491.
3, 7, 71
List the prime factors of 387.
3, 43
What are the prime factors of 24598?
2, 7, 251
List the prime factors of 1118.
2, 13, 43
What are the prime factors of 8565?
3, 5, 571
What are the prime factors of 2706?
2, 3, 11, 41
List the prime factors of 1565.
5, 313
List the prime factors of 19482.
2, 3, 17, 191
What are the prime factors of 7735?
5, 7, 13, 17
What are the prime factors of 5605?
5, 19, 59
What are the prime factors of 1677?
3, 13, 43
What are the prime factors of 5966?
2, 19, 157
List the prime factors of 1879.
1879
What are the prime factors of 1884?
2, 3, 157
What are the prime factors of 5508?
2, 3, 17
List the prime factors of 88606.
2, 7, 6329
List the prime factors of 42971.
97, 443
What are the prime factors of 14672?
2, 7, 131
What are the prime factors of 2610?
2, 3, 5, 29
List the prime factors of 35981.
11, 3271
What are the prime factors of 1182?
2, 3, 197
What are the prime factors of 2560?
2, 5
What are the prime factors of 104816?
2, 6551
List the prime factors of 188.
2, 47
What are the prime factors of 3564?
2, 3, 11
List the prime factors of 27216.
2, 3, 7
What are the prime factors of 13885?
5, 2777
What are the prime factors of 2249?
13, 173
List the prime factors of 34741.
7, 709
What are the prime factors of 7063?
7, 1009
List the prime factors of 3776.
2, 59
List the prime factors of 422.
2, 211
What are the prime factors of 104601?
3, 7, 17, 293
What are the prime factors of 1006?
2, 503
List the prime factors of 48.
2, 3
List the prime factors of 24056.
2, 31, 97
What are the prime factors of 6269?
6269
What are the prime factors of 5220?
2, 3, 5, 29
What are the prime factors of 3770?
2, 5, 13, 29
What are the prime factors of 6959?
6959
List the prime factors of 17783.
17783
List the prime factors of 13958.
2, 7, 997
What are the prime factors of 177?
3, 59
List the prime factors of 64385.
5, 79, 163
What are the prime factors of 2585?
5, 11, 47
What are the prime factors of 2058?
2, 3, 7
List the prime factors of 518.
2, 7, 37
List the prime factors of 1241.
17, 73
List the prime factors of 19726.
2, 7, 1409
List the prime factors of 198.
2, 3, 11
What are the prime factors of 1025?
5, 41
List the prime factors of 721.
7, 103
What are the prime factors of 5737?
5737
What are the prime factors of 11439?
3, 31, 41
What are the prime factors of 1156?
2, 17
What are the prime factors of 177490?
2, 5, 17749
What are the prime factors of 1846?
2, 13, 71
List the prime factors of 3784.
2, 11, 43
What are the prime factors of 22970?
2, 5, 2297
List the prime factors of 86668.
2, 47, 461
List the prime factors of 2511.
3, 31
List the prime factors of 2835.
3, 5, 7
What are the prime factors of 3510?
2, 3, 5, 13
List the prime factors of 789.
3, 263
List the prime factors of 2953.
2953
What are the prime factors of 1053?
3, 13
What are the prime factors of 20024?
2, 2503
What are the prime factors of 31480?
2, 5, 787
List the prime factors of 6812.
2, 13, 131
What are the prime factors of 8074?
2, 11, 367
List the prime factors of 9346.
2, 4673
What are the prime factors of 32167?
19, 1693
List the prime factors of 30.
2, 3, 5
What are the prime factors of 12335?
5, 2467
What are the prime factors of 59019?
3, 103, 191
What are the prime factors of 1532?
2, 383
List the prime factors of 57685.
5, 83, 139
What are the prime factors of 1242?
2, 3, 23
What are the prime factors of 785?
5, 157
What are the prime factors of 10569?
3, 13, 271
List the prime factors of 46058.
2, 23029
What are the prime factors of 3030?
2, 3, 5, 101
What are the prime factors of 1325?
5, 53
List the prime factors of 202.
2, 101
What are the prime factors of 45869?
45869
What are the prime factors of 1145?
5, 229
What are the prime factors of 829?
829
List the prime factors of 2074.
2, 17, 61
What are the prime factors of 1025?
5, 41
List the prime factors of 2300.
2, 5, 23
List the prime factors of 4169.
11, 379
List the prime factors of 48908.
2, 12227
List the prime factors of 6069.
3, 7, 17
What are the prime factors of 1374?
2, 3, 229
List the prime factors of 2046.
2, 3, 11, 31
List the prime factors of 9329.
19, 491
What are the prime factors of 5030?
2, 5, 503
What are the prime factors of 274?
2, 137
List the prime factors of 25783.
19, 23, 59
List the prime factors of 36261.
3, 17, 79
What are the prime factors of 51?
3, 17
What are the prime factors of 27948?
2, 3, 17, 137
List the prime factors of 5694.
2, 3, 13, 73
List the prime factors of 476.
2, 7, 17
What are the prime factors of 8145?
3, 5, 181
What are the prime factors of 109237?
313, 349
What are the prime factors of 6577?
6577
List the prime factors of 13095.
3, 5, 97
List the prime factors of 134151.
3, 97, 461
List the prime factors of 42121.
73, 577
What are the prime factors of 2822?
2, 17, 83
What are the prime factors of 285?
3, 5, 19
List the prime factors of 14037.
3, 4679
What are the prime factors of 25559?
61, 419
What are the prime factors of 1134?
2, 3, 7
What are the prime factors of 8398?
2, 13, 17, 19
What are the prime factors of 9998?
2, 4999
List the prime factors of 51359.
7, 11, 23, 29
What are the prime factors of 2629?
11, 239
List the prime factors of 8926.
2, 4463
List the prime factors of 1237.
1237
What are the prime factors of 951?
3, 317
What are the prime factors of 4567?
4567
List the prime factors of 35056.
2, 7, 313
List the prime factors of 54159.
3, 7, 2579
What are the prime factors of 10078?
2, 5039
What are the prime factors of 43724?
2, 17, 643
List the prime factors of 2780.
2, 5, 139
List the prime factors of 39237.
3, 11, 29, 41
List the prime factors of 4908.
2, 3, 409
What are the prime factors of